on divisor of a and 54.
18
Suppose 39*h + 324 = 43*h. Suppose 3*r - o = -0*o + 239, r = -o + h. What is the highest common divisor of 10 and r?
10
Let d(q) = -q**3 - 9*q**2 + 6*q - 65. Let w be d(-11). Calculate the greatest common factor of w and 37.
37
Suppose 5*t - 544 = -3*t. Calculate the highest common factor of 884 and t.
68
Suppose 3*o - o - 26 = 0. Let a be 2/(-6) + (-6 - (-856)/12). What is the greatest common factor of a and o?
13
Suppose 2*d = 4*x - 2092, 4*x - 2*d - 2084 = 2*d. Let s be x/14*(-6)/(-9). What is the greatest common factor of 200 and s?
25
Let z(s) = s**2 + 44*s + 99. Let c be z(-43). What is the highest common factor of 104 and c?
8
Let b(k) = 5*k**2 + 32*k + 10. Let y be b(-7). Calculate the greatest common factor of y and 31.
31
Let g(f) = -f + 7. Let u be g(1). What is the greatest common divisor of 16 and u?
2
Let u(t) = -t**2 + 6*t - 7. Let i be u(7). Let k be -30*(-6 + 2 - i/4). What is the greatest common factor of k and 5?
5
Suppose 0 = -b - 3, -2*t - 7*b + 442 = -5*b. Calculate the greatest common divisor of 8 and t.
8
Suppose 2*p + 22 - 52 = 0. Suppose 0 = -x - x. Suppose 4*d = q + 5, x = -4*d - 0*d + 20. What is the greatest common divisor of p and q?
15
Let s(j) = j**2 - 1. Let w be s(-2). Suppose -6*o = -w*o - 528. What is the greatest common factor of 16 and o?
16
Suppose -928 = -g + o, -2958 = -2*g - o - 1093. What is the greatest common divisor of g and 49?
49
Suppose -8 = 12*v - 44. Calculate the highest common factor of 32 and v.
1
Let w = -1832 + 1847. Suppose -4*c + 58 = 2*n, 5*c - 4*n = n + 80. Calculate the highest common factor of w and c.
15
Let c(m) = -4*m**2 + 2*m - 1. Let l be c(1). Let w be ((-2)/(10/35))/(1/l). What is the highest common divisor of w and 14?
7
Suppose -6*w - 16 + 22 = 0. Calculate the highest common divisor of 1 and w.
1
Let a be ((-1)/3)/((-2)/(35 - -1)). Suppose z - 61 = -3*y, -2*z + 2*y = a*y - 116. What is the highest common factor of z and 13?
13
Let i = 13 - 9. Suppose 4 = i*d - 12. Suppose 0*f + 138 = 3*p - 2*f, 4*f = -5*p + 208. What is the greatest common divisor of p and d?
4
Let l = -24 + -2. Let f be (-8)/2 - (l + 17). Calculate the greatest common divisor of 55 and f.
5
Let c be (88/(-56))/(-11) + 180/14. What is the greatest common factor of c and 26?
13
Suppose 6*x - 19 = 17. Let z(n) = -5*n + 12. Suppose -4*p + 3*p = 5*r + 31, 16 = -3*r + 2*p. Let d be z(r). What is the greatest common divisor of d and x?
6
Suppose 2*i + 69 = 2*s + i, -2*i - 72 = -2*s. Let c = s + 6. Let q be (-5 - -8)/((-6)/(-52)). Calculate the highest common factor of q and c.
13
Suppose 4*j + 87 = 91. Calculate the greatest common factor of 1 and j.
1
Suppose 0 = -15*p + 5*p + 810. Let a = 88 - p. What is the highest common divisor of a and 49?
7
Suppose -24*g + 756 = -18*g. What is the highest common factor of g and 210?
42
Suppose -3*y + 15 = 2*k, 5*y + 22 = 4*k + 3*y. Let l(a) = 1 + 5 + 29*a**2 - k + 3. Let f be l(3). Calculate the highest common factor of f and 24.
24
Let z = -7 - -23. Let l = z - 17. Let s be -1 + -3 + (-24)/l. Calculate the highest common divisor of s and 8.
4
Let n be 3 - 5 - -9 - -1. Let y = n + -5. Suppose -5*w + 24 = 3*j, j - 2*w + 3 + 0 = 0. Calculate the greatest common factor of y and j.
3
Suppose -5*t - 21 = 54. Let j = t + 27. Let b be (1 - -11)*(-5)/(-10). Calculate the highest common divisor of b and j.
6
Let g = 236 + -219. What is the greatest common factor of g and 323?
17
Suppose 84 = -4*u + 7*u. Suppose -5*g - 2*z + 262 + 34 = 0, 3*g - 189 = -5*z. Let m be 1/(-4) - g/(-8). Calculate the highest common divisor of u and m.
7
Let l(u) = -177*u - 71. Let f be l(-1). What is the highest common factor of 53 and f?
53
Suppose -41*d = -24*d - 289. What is the greatest common divisor of d and 425?
17
Let f be 7/42 - 71/(-6). Suppose -60 - 166 = -2*b. Suppose -3*g + 363 = 3*o, -5*g = -4*o - 709 + b. Calculate the greatest common factor of f and g.
12
Let i(h) = 68*h - 204. Let l be i(6). Calculate the greatest common factor of l and 96.
12
Let k = -66 - -71. Let d(y) = y**2 - 5*y. Let s be d(4). Let j(i) = i**3 + 6*i**2 - 7*i - 5. Let p be j(s). Calculate the greatest common divisor of k and p.
5
Suppose -6*i = -12*i + 24. Suppose 2*y + 4*m = -m + 45, -i*y + 4*m = -76. Calculate the highest common factor of 140 and y.
20
Suppose -4*q + 4*h = -980, -5*h = -4*q - 6*h + 995. What is the highest common factor of 403 and q?
31
Let s(m) = 4*m**2 + 14. Let i be s(5). Let p(h) = h + 6. Let x be p(0). What is the highest common divisor of x and i?
6
Let h be 0/2 - (-2 - 8). Let d = h + -5. Let m(k) = -10*k**3 - k**2 - k. Let a be m(-1). Calculate the greatest common divisor of a and d.
5
Let f(y) = 19*y + 153. Let m be f(-7). What is the greatest common factor of m and 52?
4
Let f be (1 - 5)*(-9)/20*5. Calculate the greatest common factor of 207 and f.
9
Suppose 4*k - 472 = -5*c, -2*c - 4*k - 200 = -4*c. Suppose -38 = 2*m + c. Let n = m - -106. Calculate the greatest common divisor of 26 and n.
13
Let n be (615/(-10)*8)/(9/(-12)). Calculate the highest common factor of 16 and n.
16
Let z(t) = 3*t - 1. Let k = 21 + -10. Let h be z(k). Let g = 2 + h. What is the highest common factor of 17 and g?
17
Let m(d) = -d**2 + 62*d + 130. Let f be m(-2). Calculate the highest common factor of 31 and f.
1
Suppose -50*n + 47*n = 84. Let u = n - -30. Calculate the greatest common divisor of 6 and u.
2
Let j be 6/9 + 350/6. Suppose -5*f + 1 = -j. Let d = 108 - 60. What is the highest common factor of d and f?
12
Suppose 497 - 707 = -5*r. Calculate the greatest common divisor of 189 and r.
21
Let b = 1031 - 1011. Calculate the greatest common factor of 16 and b.
4
Let b = 203 + -139. Let f(h) = -7*h + 61. Let n be f(-5). What is the highest common factor of n and b?
32
Let r be -1 + 1 + 6 + -5. What is the highest common factor of 2 and r?
1
Let r = -292 - -356. Calculate the greatest common divisor of r and 192.
64
Let v(g) = -24*g - 24. Let k be v(-8). Calculate the highest common divisor of 56 and k.
56
Suppose 4*z - 3*t - 190 + 31 = 0, 0 = -z + 4*t + 56. What is the greatest common factor of z and 54?
18
Suppose -1173 = 6*f - 1239. Calculate the greatest common divisor of f and 869.
11
Suppose 2*d - 18 - 12 = 0. Let x be -2 + 3 - (-3)/3. Let q be x/(-9) - 2168/(-36). Calculate the greatest common factor of d and q.
15
Let h be (-5)/(-2 - -17)*18/(-2). Suppose j + h = 2*j. Calculate the highest common divisor of 9 and j.
3
Let j = 87 - 27. Let w(q) = 20*q**2 + 76*q + 4. Let h be w(-4). Calculate the highest common divisor of j and h.
20
Suppose -75 = -3*i + 651. Let c be 8/24*(-18)/(-1). Suppose c*p - 4*p = 44. What is the greatest common factor of i and p?
22
Let k(i) = i**2 - 13*i + 9. Let g be k(12). Let y be 0 + g + 3 + -3 - -9. Calculate the highest common divisor of y and 66.
6
Let w(t) = 5*t - 18. Let i be w(9). Let j be ((-40)/6)/(9/i). Let l = 42 + j. What is the greatest common divisor of 44 and l?
22
Let s = 2096 + -1460. Calculate the highest common divisor of s and 12.
12
Suppose 2*g - 5*p = -0*g + 75, 3*p + 129 = 4*g. Let l be (-30)/(-9)*(-9)/(-2). What is the greatest common divisor of l and g?
15
Let j = 209 + -144. Let u be 13*(1/(-3))/((-15)/45). Calculate the highest common divisor of u and j.
13
Suppose 0 = 4*z - 5*d - 16, 5*d + 38 = -2*z + 46. Let f be 1 + 3/((-6)/(-134)). Calculate the greatest common factor of z and f.
4
Suppose 3*j = -0*j. Suppose 5*q - 185 = -u, -5*u + j*q = -q - 899. Suppose s - h = 4*h + 104, 3*h + u = 2*s. Calculate the highest common factor of s and 21.
21
Let q = 255 + 187. What is the highest common divisor of 34 and q?
34
Let m(c) = c**3 - 4*c**2 - 3*c + 1. Let y be m(-3). Let o(s) = -75*s**2 + s. Let u be o(1). Let g = y - u. What is the greatest common divisor of g and 21?
21
Suppose -25*x + 794 + 481 = 0. What is the greatest common divisor of 170 and x?
17
Let k(j) = -j**2 - 4*j + 1. Let l be k(-3). What is the highest common divisor of l and 164?
4
Let h = 28 - 26. Calculate the highest common factor of h and 20.
2
Let j(l) = -2*l**3 + 24*l**2 - 17*l + 1. Let r be j(11). What is the greatest common factor of r and 12?
4
Suppose -3*h - 5*r = -18, -3*h - 11 = -r - 29. Suppose 24 = 6*d + h. Let x be (-2)/(((-18)/285)/d). W